{"id":133,"date":"2016-08-07T08:02:24","date_gmt":"2016-08-07T07:02:24","guid":{"rendered":"http:\/\/feconsultancy.com\/?page_id=133"},"modified":"2025-11-09T01:02:01","modified_gmt":"2025-11-09T00:02:01","slug":"thematiques-qualite-smq","status":"publish","type":"page","link":"https:\/\/www.feconsultancy.com\/index.php\/thematiques-qualite-smq\/","title":{"rendered":"Th\u00e9matiques Qualit\u00e9 (SMQ)"},"content":{"rendered":"<section  class='av_textblock_section av-av_textblock-e922ac7a79e5b93445cc9340ffe5d92f '   itemscope=\"itemscope\" itemtype=\"https:\/\/schema.org\/CreativeWork\" ><div class='avia_textblock'  itemprop=\"text\" ><div class=\"free-postcontent free-postcontent-0 clearfix\">\n<p><strong>PROGRAMME DE FORMATION ET SENSIBILISATION EN SYSTEME DE MANAGEMENT QUALITE \u2013 SMQ<\/strong><\/p>\n<table width=\"100%\">\n<tbody>\n<tr>\n<td width=\"55\">Ref<\/td>\n<td width=\"353\">Themes<\/td>\n<\/tr>\n<tr>\n<td width=\"55\">SMQ01<\/td>\n<td width=\"353\">Enjeux de la mise en \u0153uvre d\u2019un SMQ<\/td>\n<\/tr>\n<tr>\n<td width=\"55\">SMQ02<\/td>\n<td width=\"353\">Strat\u00e9gies de Management de la Qualit\u00e9 dans une Entreprise de Service<\/td>\n<\/tr>\n<tr>\n<td width=\"55\">SMQ03<\/td>\n<td width=\"353\">Strat\u00e9gies de Management de la Qualit\u00e9 dans une Entreprise de production<\/td>\n<\/tr>\n<tr>\n<td width=\"55\">SMQ04<\/td>\n<td width=\"353\">Outils Efficace de Sensibilisation Qualit\u00e9<\/td>\n<\/tr>\n<tr>\n<td width=\"55\">SMQ05<\/td>\n<td width=\"353\">Management des relations clients fournisseurs interne (RCFI)<\/td>\n<\/tr>\n<tr>\n<td width=\"55\">SMQ06<\/td>\n<td width=\"353\">Management de l\u2019assurance qualit\u00e9<\/td>\n<\/tr>\n<tr>\n<td width=\"55\">SMQ07<\/td>\n<td width=\"353\">Elaboration et de suivi d\u2019un diagnostic Qualit\u00e9<\/td>\n<\/tr>\n<tr>\n<td width=\"55\">SMQ08<\/td>\n<td width=\"353\">Techniques d\u2019Etude d\u2019Opinion Interne<\/td>\n<\/tr>\n<tr>\n<td width=\"55\">SMQ09<\/td>\n<td width=\"353\">Strat\u00e9gie de Management par Approche Processus<\/td>\n<\/tr>\n<tr>\n<td width=\"55\">SMQ10<\/td>\n<td width=\"353\">Management et R\u00e9daction des proc\u00e9dures en entreprise<\/td>\n<\/tr>\n<tr>\n<td width=\"55\">SMQ11<\/td>\n<td width=\"353\">Elaboration et Mise en \u0153uvre d\u2019une D\u00e9marche Qualit\u00e9<\/td>\n<\/tr>\n<tr>\n<td width=\"55\">SMQ12<\/td>\n<td width=\"353\">Enjeux de la Normalisation en Entreprises<\/td>\n<\/tr>\n<tr>\n<td width=\"55\">SMQ13<\/td>\n<td width=\"353\">Technique d\u2019Evaluation des Couts de non Qualit\u00e9<\/td>\n<\/tr>\n<tr>\n<td width=\"55\">SMQ14<\/td>\n<td width=\"353\">Conception et Mise en \u0153uvre d\u2019un Manuel qualit\u00e9<\/td>\n<\/tr>\n<tr>\n<td width=\"55\">SMQ15<\/td>\n<td width=\"353\">Strat\u00e9gie de management int\u00e9gr\u00e9\u00a0 (QSE)<\/td>\n<\/tr>\n<tr>\n<td width=\"55\">SMQ16<\/td>\n<td width=\"353\">Enjeux de la veuille r\u00e9glementaire (normative)\u00a0sur le fonctionnement de l\u2019entreprise<\/td>\n<\/tr>\n<tr>\n<td width=\"55\">SMQ17<\/td>\n<td width=\"353\">Management Efficace des documents et les enregistrements Qualit\u00e9<\/td>\n<\/tr>\n<tr>\n<td width=\"55\">SMQ18<\/td>\n<td width=\"353\">D\u00e9marche de Certification<\/td>\n<\/tr>\n<tr>\n<td width=\"55\">SMQ19<\/td>\n<td width=\"353\">Strat\u00e9gies d\u2019Ecoute des Clients (internes et externes)<\/td>\n<\/tr>\n<tr>\n<td width=\"55\">SMQ20<\/td>\n<td width=\"353\">Introduction aux Normes Camerounaise<\/td>\n<\/tr>\n<tr>\n<td width=\"55\">SMQ21<\/td>\n<td width=\"353\">Strategies d\u2019Animation de la Qualit\u00e9 en Entreprise<\/td>\n<\/tr>\n<tr>\n<td width=\"55\">SMQ22<\/td>\n<td width=\"353\">Strat\u00e9gies d\u2019Implication du personnel a la Demarche Qualit\u00e9<\/td>\n<\/tr>\n<tr>\n<td width=\"55\">SMQ23<\/td>\n<td width=\"353\">Briser la R\u00e9sistance au Changement<\/td>\n<\/tr>\n<tr>\n<td width=\"55\">SMQ24<\/td>\n<td width=\"353\">B\u00e9n\u00e9fice financier de la mise en place de management Qualit\u00e9<\/td>\n<\/tr>\n<tr>\n<td width=\"55\">SMQ25<\/td>\n<td width=\"353\">Pr\u00e9paration a ISO 9001:2015<\/td>\n<\/tr>\n<tr>\n<td width=\"55\">SMQ26<\/td>\n<td width=\"353\">Audit Interne Qualit\u00e9 selon les exigencies de ISO 19011<\/td>\n<\/tr>\n<tr>\n<td width=\"55\">SMQ27<\/td>\n<td width=\"353\">Ma\u00eetriser la Fonction Responsable Qualit\u00e9<\/td>\n<\/tr>\n<tr>\n<td width=\"55\">SMQ28<\/td>\n<td width=\"353\">D\u00e9couvrir l\u2019AMDEC (Analyse des Modes de D\u00e9faillance, de leurs Effets et de leur Criticit\u00e9)<\/td>\n<\/tr>\n<tr>\n<td width=\"55\">SMQ29<\/td>\n<td width=\"353\">D\u00e9couvrir la D\u00e9marche Kaizen<\/td>\n<\/tr>\n<tr>\n<td width=\"55\">SMQ30<\/td>\n<td width=\"353\">D\u00e9couvrir la M\u00e9thode 5S<\/td>\n<\/tr>\n<\/tbody>\n<\/table>\n<\/div>\n<\/div><\/section>\n<div  class='flex_column av-av_one_half-cab6cb91e42b24d4f503cdabdc5ed6e0 av_one_half  avia-builder-el-1  el_after_av_textblock  avia-builder-el-last  first flex_column_div  column-top-margin'     ><\/div>\n","protected":false},"excerpt":{"rendered":"","protected":false},"author":1,"featured_media":0,"parent":0,"menu_order":0,"comment_status":"closed","ping_status":"closed","template":"","meta":{"footnotes":""},"class_list":["post-133","page","type-page","status-publish","hentry"],"yoast_head":"<!-- This site is optimized with the Yoast SEO plugin v27.5 - https:\/\/yoast.com\/product\/yoast-seo-wordpress\/ -->\n<title>Th\u00e9matiques Qualit\u00e9 (SMQ) - Free Engineering Consultancy<\/title>\n<meta name=\"robots\" content=\"index, follow, max-snippet:-1, max-image-preview:large, max-video-preview:-1\" \/>\n<link rel=\"canonical\" href=\"https:\/\/www.feconsultancy.com\/index.php\/thematiques-qualite-smq\/\" \/>\n<meta property=\"og:locale\" content=\"fr_FR\" \/>\n<meta property=\"og:type\" content=\"article\" \/>\n<meta property=\"og:title\" content=\"Th\u00e9matiques Qualit\u00e9 (SMQ) - Free Engineering Consultancy\" \/>\n<meta property=\"og:url\" content=\"https:\/\/www.feconsultancy.com\/index.php\/thematiques-qualite-smq\/\" \/>\n<meta property=\"og:site_name\" content=\"Free Engineering Consultancy\" \/>\n<meta property=\"article:publisher\" content=\"https:\/\/www.facebook.com\/freengineeringconsultancy\/?fref=ts\" \/>\n<meta property=\"article:modified_time\" content=\"2025-11-09T00:02:01+00:00\" \/>\n<meta name=\"twitter:card\" content=\"summary_large_image\" \/>\n<meta name=\"twitter:label1\" content=\"Dur\u00e9e de lecture estim\u00e9e\" \/>\n\t<meta name=\"twitter:data1\" content=\"2 minutes\" \/>\n<script type=\"application\/ld+json\" class=\"yoast-schema-graph\">{\"@context\":\"https:\\\/\\\/schema.org\",\"@graph\":[{\"@type\":\"WebPage\",\"@id\":\"https:\\\/\\\/www.feconsultancy.com\\\/index.php\\\/thematiques-qualite-smq\\\/\",\"url\":\"https:\\\/\\\/www.feconsultancy.com\\\/index.php\\\/thematiques-qualite-smq\\\/\",\"name\":\"Th\u00e9matiques Qualit\u00e9 (SMQ) - Free Engineering Consultancy\",\"isPartOf\":{\"@id\":\"https:\\\/\\\/www.feconsultancy.com\\\/#website\"},\"datePublished\":\"2016-08-07T07:02:24+00:00\",\"dateModified\":\"2025-11-09T00:02:01+00:00\",\"breadcrumb\":{\"@id\":\"https:\\\/\\\/www.feconsultancy.com\\\/index.php\\\/thematiques-qualite-smq\\\/#breadcrumb\"},\"inLanguage\":\"fr-FR\",\"potentialAction\":[{\"@type\":\"ReadAction\",\"target\":[\"https:\\\/\\\/www.feconsultancy.com\\\/index.php\\\/thematiques-qualite-smq\\\/\"]}]},{\"@type\":\"BreadcrumbList\",\"@id\":\"https:\\\/\\\/www.feconsultancy.com\\\/index.php\\\/thematiques-qualite-smq\\\/#breadcrumb\",\"itemListElement\":[{\"@type\":\"ListItem\",\"position\":1,\"name\":\"Accueil\",\"item\":\"https:\\\/\\\/www.feconsultancy.com\\\/index.php\\\/accueil\\\/\"},{\"@type\":\"ListItem\",\"position\":2,\"name\":\"Th\u00e9matiques Qualit\u00e9 (SMQ)\"}]},{\"@type\":\"WebSite\",\"@id\":\"https:\\\/\\\/www.feconsultancy.com\\\/#website\",\"url\":\"https:\\\/\\\/www.feconsultancy.com\\\/\",\"name\":\"Free Engineering Consultancy\",\"description\":\"Conseil, la Formation et l\u2019Assistance Technique en Qualit\u00e9, S\u00e9curit\u00e9 &amp; Environnement\",\"potentialAction\":[{\"@type\":\"SearchAction\",\"target\":{\"@type\":\"EntryPoint\",\"urlTemplate\":\"https:\\\/\\\/www.feconsultancy.com\\\/?s={search_term_string}\"},\"query-input\":{\"@type\":\"PropertyValueSpecification\",\"valueRequired\":true,\"valueName\":\"search_term_string\"}}],\"inLanguage\":\"fr-FR\"}]}<\/script>\n<!-- \/ Yoast SEO plugin. -->","yoast_head_json":{"title":"Th\u00e9matiques Qualit\u00e9 (SMQ) - Free Engineering Consultancy","robots":{"index":"index","follow":"follow","max-snippet":"max-snippet:-1","max-image-preview":"max-image-preview:large","max-video-preview":"max-video-preview:-1"},"canonical":"https:\/\/www.feconsultancy.com\/index.php\/thematiques-qualite-smq\/","og_locale":"fr_FR","og_type":"article","og_title":"Th\u00e9matiques Qualit\u00e9 (SMQ) - Free Engineering Consultancy","og_url":"https:\/\/www.feconsultancy.com\/index.php\/thematiques-qualite-smq\/","og_site_name":"Free Engineering Consultancy","article_publisher":"https:\/\/www.facebook.com\/freengineeringconsultancy\/?fref=ts","article_modified_time":"2025-11-09T00:02:01+00:00","twitter_card":"summary_large_image","twitter_misc":{"Dur\u00e9e de lecture estim\u00e9e":"2 minutes"},"schema":{"@context":"https:\/\/schema.org","@graph":[{"@type":"WebPage","@id":"https:\/\/www.feconsultancy.com\/index.php\/thematiques-qualite-smq\/","url":"https:\/\/www.feconsultancy.com\/index.php\/thematiques-qualite-smq\/","name":"Th\u00e9matiques Qualit\u00e9 (SMQ) - Free Engineering Consultancy","isPartOf":{"@id":"https:\/\/www.feconsultancy.com\/#website"},"datePublished":"2016-08-07T07:02:24+00:00","dateModified":"2025-11-09T00:02:01+00:00","breadcrumb":{"@id":"https:\/\/www.feconsultancy.com\/index.php\/thematiques-qualite-smq\/#breadcrumb"},"inLanguage":"fr-FR","potentialAction":[{"@type":"ReadAction","target":["https:\/\/www.feconsultancy.com\/index.php\/thematiques-qualite-smq\/"]}]},{"@type":"BreadcrumbList","@id":"https:\/\/www.feconsultancy.com\/index.php\/thematiques-qualite-smq\/#breadcrumb","itemListElement":[{"@type":"ListItem","position":1,"name":"Accueil","item":"https:\/\/www.feconsultancy.com\/index.php\/accueil\/"},{"@type":"ListItem","position":2,"name":"Th\u00e9matiques Qualit\u00e9 (SMQ)"}]},{"@type":"WebSite","@id":"https:\/\/www.feconsultancy.com\/#website","url":"https:\/\/www.feconsultancy.com\/","name":"Free Engineering Consultancy","description":"Conseil, la Formation et l\u2019Assistance Technique en Qualit\u00e9, S\u00e9curit\u00e9 &amp; Environnement","potentialAction":[{"@type":"SearchAction","target":{"@type":"EntryPoint","urlTemplate":"https:\/\/www.feconsultancy.com\/?s={search_term_string}"},"query-input":{"@type":"PropertyValueSpecification","valueRequired":true,"valueName":"search_term_string"}}],"inLanguage":"fr-FR"}]}},"_links":{"self":[{"href":"https:\/\/www.feconsultancy.com\/index.php\/wp-json\/wp\/v2\/pages\/133","targetHints":{"allow":["GET"]}}],"collection":[{"href":"https:\/\/www.feconsultancy.com\/index.php\/wp-json\/wp\/v2\/pages"}],"about":[{"href":"https:\/\/www.feconsultancy.com\/index.php\/wp-json\/wp\/v2\/types\/page"}],"author":[{"embeddable":true,"href":"https:\/\/www.feconsultancy.com\/index.php\/wp-json\/wp\/v2\/users\/1"}],"replies":[{"embeddable":true,"href":"https:\/\/www.feconsultancy.com\/index.php\/wp-json\/wp\/v2\/comments?post=133"}],"version-history":[{"count":3,"href":"https:\/\/www.feconsultancy.com\/index.php\/wp-json\/wp\/v2\/pages\/133\/revisions"}],"predecessor-version":[{"id":516,"href":"https:\/\/www.feconsultancy.com\/index.php\/wp-json\/wp\/v2\/pages\/133\/revisions\/516"}],"wp:attachment":[{"href":"https:\/\/www.feconsultancy.com\/index.php\/wp-json\/wp\/v2\/media?parent=133"}],"curies":[{"name":"wp","href":"https:\/\/api.w.org\/{rel}","templated":true}]}}